 Is -1*1*(-20985)/k composite?
False
Let u = -636 - -733. Suppose -5*g = 0, -2*g + 3*g - 360 = 4*y. Let b = u - y. Is b a prime number?
False
Suppose 0 = c + 4*c - 5. Let u be (2 - c)/(-1)*3. Is (347/(-2) - u)*-2 composite?
True
Let p(x) = -79*x + 11. Suppose -6*l - 108 = 12*l. Is p(l) prime?
False
Let k(m) = 25*m**2 - 3*m - 6. Let a be k(5). Suppose -1600 = -5*d + 3*o, 659 + a = 4*d + o. Is d a composite number?
False
Let f(q) = -2*q**3 - 26*q**2 - 58*q - 71. Is f(-16) prime?
True
Let c = 80372 - 54091. Is c a composite number?
True
Suppose -970 - 3034 = 4*j. Let t = 1512 + j. Is t a prime number?
False
Suppose -4 = c - 5. Let a be (-376)/3*(-7 + 4). Is (-3 + 2*a)*c composite?
True
Is 104208/15 + 1/(-5) composite?
False
Is (-9)/6*-1310*3/9 composite?
True
Let x = -6660 + 23543. Is x a prime number?
True
Suppose 0 = -17*f + 23*f - 1176. Let l = -4 - -8. Suppose l*h - f = -3*n + n, -h = n - 49. Is h a prime number?
False
Let j = -80 - -283. Let q = 838 - j. Is q prime?
False
Suppose -4*j + 2725 = 481. Let k = j - 252. Is k a composite number?
True
Let u(b) = -18*b - 8. Let g be u(6). Suppose 40*f - 1425 = 21*f. Let z = f - g. Is z prime?
True
Let u(r) = 13*r**3 + 17*r**2 - 5*r + 6. Is u(7) a composite number?
True
Let b = -197 + 528. Let i = b + 171. Is i/4 + (-33)/(-22) a composite number?
False
Suppose 2*w - z + 13 = 6*w, 3*w - 5*z = -19. Suppose w*m - p = 3*m - 524, -1562 = -3*m - p. Is m composite?
True
Let w be (-1)/((-3)/3) + 2. Suppose -w*k + 25 = 5*p, 3*k = 2*p + 2*p - 20. Suppose -2*r = -p*g + 215, -5*g - r = -2*g - 129. Is g composite?
False
Let b(f) = f**2 - 5*f - 3. Let m be b(6). Let g be ((-4)/6)/((-2)/m). Is 1/(0 + g) - -30 a prime number?
True
Let j = -11189 + 25972. Is j composite?
False
Suppose -356273 = -o - 36*o. Is o prime?
True
Suppose 2*q = v - 2*v + 1707, -2*v = -2*q - 3444. Is v a composite number?
True
Let d(n) = -n**2 + 10*n - 12. Let s be d(9). Is (1 + s)*(-5884)/8 composite?
False
Let a be 2/(-7) + (-288)/(-28). Suppose -2 = 4*v - a. Is (-3)/(v/((-502)/3)) composite?
False
Is 6/2 - ((-17 - -10) + -1623) a prime number?
False
Suppose -37*r + 27*r + 557450 = 0. Is r composite?
True
Let x(t) = 742*t**2 + t - 17. Is x(-4) prime?
False
Is ((-7)/3)/((-21)/11277) a prime number?
False
Suppose 2 = 2*y - 5*z - 9, 0 = 3*y + 2*z - 7. Suppose -1530 = -4*o + y*p, 484 = 3*o + 5*p - 649. Is o a composite number?
True
Is 1/4 - 28780689/(-588) a prime number?
True
Let b = 41 + -38. Suppose 3*u - 2490 = -b*u. Is u prime?
False
Let p = 5 - 2. Suppose -p*b = -0*b - 4*u - 122, 0 = 5*b + 5*u - 180. Let a = b + -3. Is a prime?
False
Let y(n) = 55*n + 33. Let r be y(9). Let c = 751 - r. Is c prime?
True
Suppose -5*v - 2*b + 8 = 3, -3*v = 5*b - 22. Is (v/(-4) - 52665/180)*-3 a prime number?
True
Suppose 0 = -5*t + 5*u - 10, -2*u = -5*t - 6*u + 35. Let x be 3*1*(4 - -8). Is (t + 0)/(x/1524) composite?
False
Suppose -g + 3*s = 4*s + 9, -3*g + 5*s = 3. Let u = g + 8. Suppose -3*l + 99 = 3*t, 125 = 3*t - 3*l + u. Is t prime?
True
Let p be 21 - (-3 - -6 - 6). Let v be p/14 + (-6)/(-21). Suppose -f = -v*f + 7. Is f composite?
False
Let f = 116 + -111. Is 251/(-1)*(-5 + 20/f) composite?
False
Suppose 0 = -2*d - 6, -5*d = -2*m - d + 6918. Is m composite?
True
Suppose 10*t + 714737 = 71*t. Is t a composite number?
False
Let n = -3965 - -6754. Is n a composite number?
False
Let p be (12/9)/(2/222). Suppose -9*a - p = -5*a. Let o = 156 + a. Is o composite?
True
Suppose 3*p = -p. Let q(r) = -219*r. Let m be q(-5). Suppose p = -5*v + 1420 + m. Is v a prime number?
True
Is 87/(-116) + 8350/8 composite?
True
Suppose -8*j + 9*j + 6 = 0. Let w(f) = -5*f**3 - 20*f**2 + f - 26. Let t(c) = 11*c**3 + 40*c**2 - c + 52. Let g(r) = j*t(r) - 13*w(r). Is g(19) a prime number?
False
Let y be (-6)/5*(-20)/8. Suppose y*b - 3507 - 2646 = 0. Is b prime?
False
Suppose 2*m - 59287 = -5*y - 7578, -y + 25862 = m. Is m a prime number?
True
Let q(m) = 11*m**2 + 10*m + 18. Let x be q(-8). Suppose 0 = 11*c - x - 832. Is c composite?
True
Is (13 + -1)/(-24)*(-1955 + 1) prime?
True
Let p be (-6370)/(-60) - 1/6. Suppose 65 = z + 5*n, -6*z = -4*z - 2*n - p. Suppose 0*c + z = c. Is c a composite number?
True
Is (105/(-30))/(-1*1/202) a prime number?
False
Suppose -10 = r - 2*r. Suppose -41*j = -47*j. Suppose j = 5*t - r*t + 805. Is t composite?
True
Let b be 4/(-15)*-6*-5. Is 5/(-3 - b) + 190 prime?
True
Let n = -5 - -38. Let f(h) = 3*h**2 - 23*h - 26. Let z be f(11). Let w = z - n. Is w prime?
False
Let u be 21/(-12) - (-2)/(-8). Is (-2)/u*(1 + 648) prime?
False
Suppose -12*r + 13*r - 55238 = -5*b, 3*r - 9 = 0. Is b a composite number?
False
Let n(r) be the second derivative of 3*r**4/4 - r**3/2 + 5*r**2/2 + 2*r. Let j(c) = c**2 - 11*c + 13. Let a be j(10). Is n(a) a composite number?
True
Let y(g) = -5*g**3 - 2*g - 4. Let c be y(-3). Suppose -2*i = -0*m - 2*m - 264, -i = -2*m - c. Is i prime?
True
Let k(r) = 2*r + 5 - 6*r - 63*r**2 + 284*r**2 + 123*r**2. Is k(2) composite?
False
Suppose -2*g = -3 + 11. Let f be (9 + -7)/(g/(-10)). Suppose 5*w - 1615 = -4*m, -m - 615 = -f*w + 1000. Is w a composite number?
True
Let c(f) = -f + 57. Is c(0) composite?
True
Suppose c = 5 - 27. Let k = c + 22. Suppose -5*q + 265 = -k*q. Is q composite?
False
Let d be 1/3 + (-32)/(-12). Suppose -3*u = 2*t - 7, 0 = d*t + u - 0 + 7. Let g(w) = -w**3 + 2*w - 5. Is g(t) a prime number?
False
Let b(l) = l**2 - 19*l + 4. Let q be b(19). Suppose q*a + 5*p = 1667, 5*a + p = 4*p + 2056. Is a prime?
False
Let o(t) = -94*t**3 - t**2 - t - 1. Let f be o(-1). Let l be ((-16)/(-14))/(14/49). Suppose z - l*z = -f. Is z a composite number?
False
Let v = -10406 - -18669. Is v a prime number?
True
Let w = -80 + 296. Let q = 31 + w. Is q prime?
False
Let i = -2385 + 3428. Is i a composite number?
True
Let y(k) = 1386*k - 217. Is y(4) prime?
False
Let r be (4/6)/(10/45). Suppose -4*g - 15 = 5*t, r*g - 10 = 3*t - 1. Is (-1)/t + 780/9 prime?
False
Suppose 5*y + z = 4*z + 25, -2*y + 2*z + 6 = 0. Let c be (-117)/(-36) - 2/y. Suppose 0 = -c*t + 206 + 196. Is t a prime number?
False
Let d be ((-762)/(-4))/((-4)/(-8)). Let b = d + 38. Is b composite?
False
Let z = 66 - -212. Suppose -2*r = 2*r - 3*y - z, 150 = 2*r + 4*y. Is r a prime number?
True
Suppose -2*w + 1765 = 5*z, 4*w + z - 5438 = -1863. Is w a composite number?
True
Suppose 4*a - 113278 = 3*s, a - 15*s + 19*s - 28329 = 0. Is a a prime number?
False
Let d be (28/(-126) + (-2)/(-9))/2. Suppose d = -5*c - 2302 + 11447. Is c a composite number?
True
Let p(t) = 4980*t - 1. Is p(3) a prime number?
True
Let x(n) = 10*n**2 + 8*n - 20. Let k(y) = -y**3 - 1. Let q(o) = k(o) - x(o). Let b be q(-9). Let z(j) = 17*j + 21. Is z(b) a composite number?
False
Let r be -4 - (-6029 - -3 - -4). Suppose -r = -0*u - 6*u. Is u prime?
False
Suppose 0 = -2*g - g + 15. Suppose -z + 3*i + 69 = 0, -g*i = -5*z + 4*z + 69. Let j = 256 - z. Is j a composite number?
True
Let o be 245/(6/(-9)*3/(-2)). Let t = o + -51. Is t composite?
True
Is 12/24 + (1143/2 - 1) composite?
False
Suppose 4*j = -8*j + 20316. Is j prime?
True
Suppose -5 = 3*w - 20. Suppose -518 - 717 = -w*c. Is (c + 4/(-4))/2 prime?
False
Let f be 16/(-72) + 94/18. Suppose f*i + 2*q + 6259 = 16204, -5*i + 9940 = q. Is i composite?
False
Suppose -7*l - 36 = 48. Is (31485/(-20))/(l/16) a prime number?
True
Let o be 2/4 - 6/4. Let c be (o + 2)/(5/1070). Suppose f - c = -2*n - 0*f, 5*n + 2*f = 534. Is n a composite number?
True
Suppose 61498 = 12*f - 84266. Is f a composite number?
True
Suppose 500 = x - 2*v - 381, -2*x + 1782 = v. Is x a prime number?
False
Suppose 0*z - 283645 = 17*z. Is (-1)/((-9)/2) + z/(-45) prime?
False
Let t(w) be the third derivative of w**6/120 + w**5/6 + 7*w**4/12 - 2*w**3 + 20*w**2. Is t(-7) prime?
True
Let k = 17492 + -11965. Suppose k = 9*g - 7064. Is g composite?
False
Let q = -384 - -1427. Is q prime?
False
Let p(d) = 31*d - 23. Let q be p(-15). Let s = q + 1239. Is s composite?
False
Let h = -90 + 158. Suppose 12*k = 6*k - 306. Let a = h - k. Is a prime?
False
Let o = 2585 + -1444. Is o a prime number?
False
Suppose -3*g = -2100 - 5871. Let i be 4/(-18) + g/9. Suppose 2*c = -3*c - 4*h + 295, -2*h - i = -5*c. Is c composite?
False
Let i be ((-17)/(-2))/(2/4). Let z be ((-21)/15 - 1)/((-142)/(-19525)). Let b